rt 10 (base 7) to base 10.
7
Convert 77 (base 9) to base 15.
4a
Convert -2 (base 15) to base 2.
-10
84 (base 9) to base 15
51
What is 53 (base 9) in base 16?
30
What is 10 (base 2) in base 14?
2
What is 76 (base 16) in base 4?
1312
18 (base 10) to base 5
33
What is 0 (base 13) in base 7?
0
What is -210 (base 4) in base 5?
-121
10010111 (base 2) to base 12
107
-3 (base 7) to base 3
-10
Convert b4 (base 16) to base 8.
264
What is -212 (base 3) in base 6?
-35
-4e (base 16) to base 8
-116
Convert 2 (base 7) to base 15.
2
1 (base 9) to base 2
1
-10 (base 3) to base 4
-3
1 (base 7) to base 11
1
What is 66 (base 15) in base 10?
96
What is -142 (base 6) in base 15?
-42
Convert 20 (base 4) to base 11.
8
Convert 4 (base 10) to base 2.
100
What is 0 (base 2) in base 10?
0
Convert 3 (base 16) to base 7.
3
20 (base 8) to base 10
16
0 (base 3) to base 4
0
30 (base 4) to base 15
c
Convert -4 (base 14) to base 2.
-100
What is 2 (base 5) in base 6?
2
What is -11011 (base 2) in base 12?
-23
What is -4f (base 16) in base 3?
-2221
Convert -22 (base 4) to base 14.
-a
2c (base 15) to base 8
52
10 (base 7) to base 2
111
What is -1 (base 13) in base 2?
-1
-13 (base 14) to base 12
-15
What is -563 (base 7) in base 13?
-194
Convert -a (base 13) to base 2.
-1010
What is -1101 (base 2) in base 11?
-12
79 (base 14) to base 6
255
Convert -32 (base 8) to base 10.
-26
Convert 25 (base 13) to base 3.
1011
b (base 13) to base 5
21
What is 2 (base 15) in base 5?
2
Convert 1 (base 2) to base 14.
1
Convert 2 (base 12) to base 6.
2
-166 (base 7) to base 10
-97
Convert 51 (base 16) to base 10.
81
Convert -63 (base 7) to base 3.
-1200
Convert 4 (base 11) to base 12.
4
What is -1b (base 16) in base 11?
-25
-10 (base 8) to base 11
-8
1 (base 5) to base 13
1
15 (base 6) to base 13
b
-1 (base 14) to base 12
-1
What is -10 (base 9) in base 5?
-14
Convert 0 (base 5) to base 12.
0
43 (base 14) to base 9
65
Convert 6 (base 14) to base 8.
6
What is -1 (base 6) in base 2?
-1
What is 4 (base 11) in base 8?
4
What is 10 (base 5) in base 11?
5
What is 4 (base 6) in base 3?
11
28 (base 12) to base 15
22
What is -323 (base 5) in base 12?
-74
Convert -100 (base 2) to base 11.
-4
Convert 148 (base 9) to base 3.
11122
What is 10 (base 3) in base 4?
3
-10 (base 2) to base 11
-2
11102 (base 3) to base 10
119
Convert 79 (base 11) to base 3.
10012
-111 (base 2) to base 5
-12
Convert -17 (base 12) to base 9.
-21
Convert -2 (base 14) to base 6.
-2
Convert -11 (base 8) to base 10.
-9
-10 (base 7) to base 2
-111
What is -4 (base 16) in base 10?
-4
Convert -1 (base 5) to base 6.
-1
What is -31 (base 8) in base 11?
-23
What is 0 (base 7) in base 8?
0
-10101 (base 2) to base 7
-30
What is 1 (base 9) in base 3?
1
15 (base 12) to base 15
12
-bd (base 15) to base 7
-343
-a8 (base 13) to base 4
-2022
Convert 0 (base 16) to base 10.
0
Convert -40 (base 13) to base 3.
-1221
What is -2 (base 16) in base 4?
-2
-3 (base 4) to base 6
-3
Convert -3 (base 16) to base 14.
-3
5 (base 13) to base 3
12
What is 4 (base 16) in base 5?
4
What is -1001 (base 2) in base 10?
-9
Convert 33 (base 8) to base 2.
11011
-1b (base 14) to base 5
-100
0 (base 12) to base 2
0
Convert 2 (base 15) to base 4.
2
What is -10 (base 7) in base 13?
-7
95 (base 14) to base 13
a1
Convert -2 (base 7) to base 11.
-2
14 (base 5) to base 14
9
-2a (base 11) to base 9
-35
What is -156 (base 8) in base 5?
-420
Convert -5 (base 9) to base 14.
-5
Convert -111020 (base 3) to base 8.
-545
2 (base 12) to base 9
2
4 (base 7) to base 16
4
Convert -10101 (base 2) to base 16.
-15
What is 4 (base 16) in base 8?
4
Convert -101110 (base 2) to base 14.
-34
Convert 3 (base 6) to base 9.
3
-7 (base 8) to base 13
-7
What is -2 (base 16) in base 9?
-2
-7 (base 9) to base 15
-7
325 (base 6) to base 4
1331
-10 (base 2) to base 10
-2
Convert -36 (base 16) to base 14.
-3c
What is 0 (base 7) in base 2?
0
-28 (base 13) to base 3
-1021
10 (base 3) to base 9
3
-6 (base 16) to base 4
-12
23 (base 6) to base 9
16
5 (base 11) to base 3
12
-25 (base 15) to base 7
-50
What is -11 (base 10) in base 4?
-23
Convert -13 (base 10) to base 9.
-14
What is -101 (base 2) in base 10?
-5
1 (base 16) to base 2
1
Convert 10000 (base 3) to base 5.
311
Convert 1242 (base 5) to base 16.
c5
What is 21 (base 3) in base 5?
12
What is -6 (base 12) in base 14?
-6
What is -3 (base 11) in base 9?
-3
What is 1a (base 13) in base 9?
25
What is 226 (base 7) in base 11?
a8
1 (base 7) to base 12
1
-6 (base 7) to base 5
-11
What is -3310 (base 4) in base 9?
-301
1 (base 12) to base 5
1
93 (base 14) to base 13
9c
What is -2 (base 5) in base 13?
-2
Convert 16 (base 10) to base 6.
24
Convert -8c (base 13) to base 3.
-11022
Convert -53 (base 6) to base 2.
-100001
0 (base 15) to base 3
0
What is -2 (base 4) in base 10?
-2
14 (base 14) to base 10
18
What is 26 (base 14) in base 10?
34
Convert -1012 (base 6) to base 11.
-194
Convert -103 (base 5) to base 2.
-11100
Convert 230 (base 9) to base 16.
bd
1222 (base 3) to base 15
38
-5 (base 13) to base 2
-101
What is 0 (base 13) in base 5?
0
What is 50 (base 6) in base 5?
110
Convert 85 (base 16) to base 9.
157
What is -2 (base 13) in base 3?
-2
What is 6a (base 14) in base 10?
94
Convert 0 (base 14) to base 4.
0
-1000101 (base 2) to base 14
-4d
What is -11 (base 3) in base 5?
-4
Convert -10100 (base 2) to base 6.
-32
Convert 11 (base 4) to base 16.
5
1 (base 5) to base 16
1
Convert 11020 (base 3) to base 2.
1110010
What is 3 (base 12) in base 5?
3
Convert -4 (base 10) to base 7.
-4
Convert -2 (base 4) to base 12.
-2
What is 100 (base 2) in base 9?
4
-92 (base 14) to base 16
-80
-3 (base 8) to base 9
-3
What is -3 (base 13) in base 4?
-3
What is -14 (base 12) in base 13?
-13
1012 (base 3) to base 14
24
Convert 1001 (base 2) to base 6.
13
2 (base 5) to base 11
2
What is 100011011 (base 2) in base 10?
283
What is 1a0 (base 11) in base 15?
106
1 (base 14) to base 3
1
Convert -37 (base 9) to base 10.
-34
Convert a (base 13) to base 4.
22
0 (base 13) to base 15
0
What is 24 (base 10) in base 9?
26
Convert 220 (base 7) to base 8.
160
25 (base 10) to base 14
1b
What is -11 (base 8) in base 11?
-9
34 (base 15) to base 10
49
What is 0 (base 16) in base 7?
0
What is 6 (base 11) in base 12?
6
-21 (base 4) to base 14
-9
Convert 112 (base 3) to base 6.
22
110 (base 2) to base 9
6
What is b (base 15) in base 9?
12
3 (base 11) to base 7
3
Convert 6c (base 14) to base 11.
88
-2 (base 10) to base 3
-2
What is -a2 (base 15) in base 12?
-108
Convert -1110011 (base 2) to base 5.
-430
3 (base 4) to base 16
3
3 (base 7) to base 9
3
Convert 223 (base 4) to base 8.
53
-13 (base 10) to base 11
-12
306 (base 8) to base 12
146
-102 (base 3) to base 2
-1011
What is -1 (base 9) in base 6?
-1
Convert 8 (base 12) to base 3.
22
Convert -332 (base 4) to base 10.
-62
What is 54 (base 9) in base 16?
31
-1 (base 12) to base 9
-1
Convert -150 (base 11) to base 7.
-341
1 (base 8) to base 15
1
Convert -3 (base 4) to base 10.
-3
Convert -1 (base 13) to base 11.
-1
-133 (base 13) to base 15
-e1
Convert 5 (base 9) to base 10.
5
21 (base 9) to base 14
15
-1 (base 13) to base 16
-1
What is -37 (base 11) in base 12?
-34
Convert -2 (base 15) to base 5.
-2
Convert 12 (base 3) to base 12.
5
19 (base 15) to base 10
24
-5 (base 12) to base 7
-5
Convert -133 (base 16) to base 13.
-1a8
What is -c (base 15) in base 7?
-15
What is -5 (base 11) in base 7?
-5
What is -2212 (base 3) in base 4?
-1031
-38 (base 11) to base 8
-51
What is -3 (base 12) in base 5?
-3
-47 (base 8) to base 9
-43
Convert -110 (base 8) to base 13.
-57
What is -1 (base 15) in base 10?
-1
Convert -14 (base 8) to base 11.
-11
46 (base 12) to base 8
66
4 (base 5) to base 13
4
Convert 10 (base 15) to base 8.
17
Convert -2000 (base 3) to base 8.
-66
-10 (base 9) to base 14
-9
What is 11 (base 2) in base 16?
3
-1 (base 6) to base 13
-1
What is -30 (base 10) in base 11?
-28
Convert -2 (base 8) to base 14.
-2
-7 (base 9) to base 15
-7
Convert -14 (base 12) to base 2.
-10000
-5 (base 10) to base 7
-5
Convert -13 (base 11) to base 5.
-24
0 (base 13) to base 5
0
0 (base 15) to base 10
0
What is 11110100 (base 2) in base 6?
1044
Convert -24 (base 5) to base 14.
-10
Convert -33 (base 15) to base 6.
-120
Convert -4 (base 10) to base 6.
-4
-2 (base 11) to base 14
-2
101 (